{"id":17,"date":"2024-05-20T15:42:51","date_gmt":"2024-05-20T13:42:51","guid":{"rendered":"http:\/\/nbtrand.cluster023.hosting.ovh.net\/?page_id=17"},"modified":"2024-05-22T17:47:39","modified_gmt":"2024-05-22T15:47:39","slug":"accueil","status":"publish","type":"page","link":"https:\/\/nbtransport76.fr\/","title":{"rendered":"ACCUEIL"},"content":{"rendered":"\n<p><\/p>\n\n\n\n<p class=\"has-text-align-left\"><strong>NB TRANSPORT : VOTRE SOLUTION DE TRANSPORT DE CONFIANCE <\/strong><\/p>\n\n\n\n<p class=\"has-text-align-left\">Bienvenue chez NB Transport, votre partenaire de confiance pour tous vos besoins de transport. Nous sommes d\u00e9di\u00e9s \u00e0 fournir des services de transport de haute qualit\u00e9, adapt\u00e9s \u00e0 vos besoins sp\u00e9cifiques.<\/p>\n\n\n\n<p class=\"has-text-align-left\"><strong><strong>NOTRE ENGAGEMENT<\/strong><\/strong><\/p>\n\n\n\n<p>Chez NB Transport, nous nous engageons \u00e0 fournir un service de transport fiable et efficace. Nous comprenons que chaque client a des besoins uniques, et nous nous effor\u00e7ons de fournir des solutions de transport sur mesure qui r\u00e9pondent \u00e0 ces besoins.<\/p>\n\n\n\n<p><strong>NOS SERVICES<\/strong><\/p>\n\n\n\n<p>Nous offrons une gamme compl\u00e8te de services de transport, y compris :<\/p>\n\n\n<div class=\"wp-block-image\">\n<figure class=\"aligncenter size-full is-resized\"><img loading=\"lazy\" decoding=\"async\" width=\"800\" height=\"534\" src=\"https:\/\/nbtransport76.fr\/wp-content\/uploads\/2024\/05\/express-1.jpg\" alt=\"\" class=\"wp-image-98\" style=\"width:473px;height:auto\" srcset=\"https:\/\/nbtransport76.fr\/wp-content\/uploads\/2024\/05\/express-1.jpg 800w, https:\/\/nbtransport76.fr\/wp-content\/uploads\/2024\/05\/express-1-300x200.jpg 300w, https:\/\/nbtransport76.fr\/wp-content\/uploads\/2024\/05\/express-1-768x513.jpg 768w\" sizes=\"auto, (max-width: 800px) 100vw, 800px\" \/><\/figure>\n<\/div>\n\n\n<ul class=\"wp-block-list\">\n<li>Enl\u00e8vement et livraison de colis sur toute la France en 24\/48 heures.<\/li>\n\n\n\n<li>Mise \u00e0 disposition de v\u00e9hicules d\u00e9di\u00e9s avec chauffeur \u00e0 la journ\u00e9e.<\/li>\n\n\n\n<li>Organisation de transports sur mesure en Europe.<\/li>\n\n\n\n<li>Navettes inter site \/ Traction de nuit France et Europe.<\/li>\n\n\n\n<li>Transports sp\u00e9ciaux.<\/li>\n<\/ul>\n\n\n\n<p><\/p>\n\n\n\n<p><strong>CONTACTEZ-NOUS<\/strong><\/p>\n\n\n\n<p>Pour plus d\u2019informations sur nos services, n\u2019h\u00e9sitez pas \u00e0 nous contacter via <a href=\"https:\/\/nbtrand.cluster023.hosting.ovh.net\/index.php\/contact\/\">notre formulaire de contact<\/a>. Notre \u00e9quipe d\u2019experts est pr\u00eate \u00e0 r\u00e9pondre \u00e0 toutes vos questions et \u00e0 vous aider \u00e0 trouver la solution de transport qui vous convient le mieux.<\/p>\n","protected":false},"excerpt":{"rendered":"<p>NB TRANSPORT : VOTRE SOLUTION DE TRANSPORT DE CONFIANCE Bienvenue chez NB Transport, votre partenaire de confiance pour tous vos besoins de transport. Nous sommes d\u00e9di\u00e9s \u00e0 fournir des services de transport de haute qualit\u00e9, adapt\u00e9s \u00e0 vos besoins sp\u00e9cifiques. NOTRE ENGAGEMENT Chez NB Transport, nous nous engageons \u00e0 fournir un service de transport fiable [&hellip;]<\/p>\n","protected":false},"author":1,"featured_media":0,"parent":0,"menu_order":0,"comment_status":"closed","ping_status":"closed","template":"","meta":{"footnotes":""},"class_list":["post-17","page","type-page","status-publish","hentry"],"_links":{"self":[{"href":"https:\/\/nbtransport76.fr\/index.php\/wp-json\/wp\/v2\/pages\/17","targetHints":{"allow":["GET"]}}],"collection":[{"href":"https:\/\/nbtransport76.fr\/index.php\/wp-json\/wp\/v2\/pages"}],"about":[{"href":"https:\/\/nbtransport76.fr\/index.php\/wp-json\/wp\/v2\/types\/page"}],"author":[{"embeddable":true,"href":"https:\/\/nbtransport76.fr\/index.php\/wp-json\/wp\/v2\/users\/1"}],"replies":[{"embeddable":true,"href":"https:\/\/nbtransport76.fr\/index.php\/wp-json\/wp\/v2\/comments?post=17"}],"version-history":[{"count":8,"href":"https:\/\/nbtransport76.fr\/index.php\/wp-json\/wp\/v2\/pages\/17\/revisions"}],"predecessor-version":[{"id":100,"href":"https:\/\/nbtransport76.fr\/index.php\/wp-json\/wp\/v2\/pages\/17\/revisions\/100"}],"wp:attachment":[{"href":"https:\/\/nbtransport76.fr\/index.php\/wp-json\/wp\/v2\/media?parent=17"}],"curies":[{"name":"wp","href":"https:\/\/api.w.org\/{rel}","templated":true}]}}